ided by 150?
145
What is the remainder when 574 is divided by 18?
16
Calculate the remainder when 782 is divided by 198.
188
What is the remainder when 78 is divided by 66?
12
Calculate the remainder when 32 is divided by 16.
0
What is the remainder when 197 is divided by 18?
17
Calculate the remainder when 202 is divided by 68.
66
What is the remainder when 230 is divided by 32?
6
Calculate the remainder when 807 is divided by 54.
51
What is the remainder when 1530 is divided by 53?
46
Calculate the remainder when 87 is divided by 43.
1
What is the remainder when 855 is divided by 280?
15
What is the remainder when 1193 is divided by 310?
263
Calculate the remainder when 230 is divided by 215.
15
What is the remainder when 726 is divided by 707?
19
Calculate the remainder when 724 is divided by 14.
10
Calculate the remainder when 87 is divided by 9.
6
What is the remainder when 34 is divided by 18?
16
What is the remainder when 148 is divided by 36?
4
Calculate the remainder when 174 is divided by 89.
85
What is the remainder when 4177 is divided by 31?
23
What is the remainder when 486 is divided by 98?
94
Calculate the remainder when 313 is divided by 56.
33
Calculate the remainder when 940 is divided by 15.
10
What is the remainder when 235 is divided by 60?
55
Calculate the remainder when 317 is divided by 47.
35
What is the remainder when 526 is divided by 11?
9
What is the remainder when 1175 is divided by 98?
97
What is the remainder when 518 is divided by 22?
12
Calculate the remainder when 1170 is divided by 329.
183
Calculate the remainder when 1887 is divided by 35.
32
Calculate the remainder when 194 is divided by 133.
61
Calculate the remainder when 289 is divided by 92.
13
Calculate the remainder when 252 is divided by 215.
37
Calculate the remainder when 544 is divided by 53.
14
Calculate the remainder when 295 is divided by 93.
16
Calculate the remainder when 196 is divided by 41.
32
Calculate the remainder when 2486 is divided by 131.
128
Calculate the remainder when 2596 is divided by 200.
196
What is the remainder when 614 is divided by 203?
5
What is the remainder when 2586 is divided by 13?
12
What is the remainder when 1525 is divided by 34?
29
What is the remainder when 209 is divided by 7?
6
What is the remainder when 63 is divided by 57?
6
Calculate the remainder when 177 is divided by 30.
27
What is the remainder when 35 is divided by 22?
13
What is the remainder when 423 is divided by 20?
3
What is the remainder when 254 is divided by 43?
39
Calculate the remainder when 1490 is divided by 97.
35
What is the remainder when 13 is divided by 8?
5
Calculate the remainder when 95 is divided by 46.
3
What is the remainder when 502 is divided by 3?
1
What is the remainder when 3117 is divided by 104?
101
Calculate the remainder when 1593 is divided by 28.
25
What is the remainder when 9633 is divided by 35?
8
What is the remainder when 51 is divided by 3?
0
What is the remainder when 952 is divided by 31?
22
What is the remainder when 293 is divided by 88?
29
Calculate the remainder when 4282 is divided by 14.
12
What is the remainder when 7280 is divided by 11?
9
Calculate the remainder when 324 is divided by 55.
49
What is the remainder when 155 is divided by 29?
10
Calculate the remainder when 178 is divided by 12.
10
Calculate the remainder when 1554 is divided by 503.
45
Calculate the remainder when 79 is divided by 10.
9
Calculate the remainder when 657 is divided by 51.
45
What is the remainder when 45417 is divided by 60?
57
Calculate the remainder when 581 is divided by 193.
2
Calculate the remainder when 313 is divided by 108.
97
What is the remainder when 39 is divided by 4?
3
Calculate the remainder when 456 is divided by 153.
150
What is the remainder when 99 is divided by 39?
21
Calculate the remainder when 74 is divided by 44.
30
Calculate the remainder when 13987 is divided by 10.
7
Calculate the remainder when 20515 is divided by 71.
67
Calculate the remainder when 6557 is divided by 3276.
5
Calculate the remainder when 1292 is divided by 25.
17
Calculate the remainder when 471 is divided by 231.
9
Calculate the remainder when 334 is divided by 297.
37
Calculate the remainder when 385 is divided by 78.
73
What is the remainder when 31860 is divided by 339?
333
What is the remainder when 2005 is divided by 72?
61
Calculate the remainder when 120 is divided by 10.
0
Calculate the remainder when 208 is divided by 100.
8
Calculate the remainder when 38 is divided by 14.
10
Calculate the remainder when 159 is divided by 18.
15
Calculate the remainder when 2494 is divided by 61.
54
What is the remainder when 216 is divided by 79?
58
What is the remainder when 111 is divided by 98?
13
Calculate the remainder when 1404 is divided by 32.
28
What is the remainder when 308 is divided by 23?
9
Calculate the remainder when 673 is divided by 181.
130
What is the remainder when 827 is divided by 83?
80
What is the remainder when 1450 is divided by 33?
31
What is the remainder when 1206 is divided by 284?
70
What is the remainder when 68 is divided by 47?
21
What is the remainder when 976 is divided by 43?
30
What is the remainder when 472 is divided by 11?
10
What is the remainder when 253 is divided by 134?
119
Calculate the remainder when 160 is divided by 24.
16
What is the remainder when 227 is divided by 58?
53
Calculate the remainder when 13609 is divided by 389.
383
What is the remainder when 310 is divided by 33?
13
What is the remainder when 233 is divided by 128?
105
Calculate the remainder when 437 is divided by 30.
17
Calculate the remainder when 763 is divided by 15.
13
Calculate the remainder when 78 is divided by 14.
8
Calculate the remainder when 189 is divided by 53.
30
Calculate the remainder when 3147 is divided by 30.
27
What is the remainder when 60 is divided by 21?
18
What is the remainder when 909 is divided by 182?
181
Calculate the remainder when 2613 is divided by 17.
12
Calculate the remainder when 558 is divided by 540.
18
What is the remainder when 153 is divided by 31?
29
Calculate the remainder when 21237 is divided by 82.
81
What is the remainder when 168 is divided by 19?
16
Calculate the remainder when 107 is divided by 29.
20
What is the remainder when 903 is divided by 449?
5
Calculate the remainder when 4745 is divided by 949.
0
Calculate the remainder when 382 is divided by 208.
174
What is the remainder when 215 is divided by 19?
6
Calculate the remainder when 656 is divided by 81.
8
Calculate the remainder when 754 is divided by 27.
25
Calculate the remainder when 12429 is divided by 16.
13
What is the remainder when 157 is divided by 36?
13
What is the remainder when 261 is divided by 5?
1
What is the remainder when 298 is divided by 58?
8
What is the remainder when 307 is divided by 44?
43
Calculate the remainder when 778 is divided by 255.
13
What is the remainder when 359 is divided by 27?
8
Calculate the remainder when 198 is divided by 40.
38
What is the remainder when 860 is divided by 17?
10
What is the remainder when 1811 is divided by 40?
11
Calculate the remainder when 103 is divided by 52.
51
What is the remainder when 5098 is divided by 50?
48
What is the remainder when 107 is divided by 9?
8
Calculate the remainder when 729 is divided by 12.
9
Calculate the remainder when 12 is divided by 8.
4
What is the remainder when 88 is divided by 30?
28
What is the remainder when 893 is divided by 50?
43
What is the remainder when 198 is divided by 8?
6
Calculate the remainder when 165 is divided by 8.
5
What is the remainder when 346 is divided by 13?
8
What is the remainder when 23957 is divided by 22?
21
Calculate the remainder when 399 is divided by 24.
15
What is the remainder when 89 is divided by 46?
43
Calculate the remainder when 2135 is divided by 142.
5
Calculate the remainder when 158 is divided by 10.
8
Calculate the remainder when 826 is divided by 117.
7
Calculate the remainder when 136 is divided by 24.
16
What is the remainder when 969 is divided by 189?
24
What is the remainder when 1203 is divided by 18?
15
What is the remainder when 258 is divided by 27?
15
What is the remainder when 290 is divided by 11?
4
Calculate the remainder when 176 is divided b